ighest common divisor of q and 36.
18
Let r be -3 - (-2 + -3 + 0). Let l be 10/(-4)*r - 1. Let s be l/3 - (-51)/3. What is the highest common divisor of s and 6?
3
Let f be 9 + -13 + 5*19. What is the greatest common divisor of 26 and f?
13
Let j(r) = -3 + 0 + 6*r - 4 + 2*r**2. Let m be j(-5). Let q = -18 - -44. What is the greatest common divisor of m and q?
13
Let w be (-884)/(-6) + (-4)/12. Suppose -4*k + 3*j + 113 = 0, 5*k + 3*j - j = w. Suppose 10 = z - k. Calculate the greatest common divisor of 13 and z.
13
Let b be (-29)/(-3) - (-2)/6. Let z(l) = -l + 8. Let f be z(6). What is the greatest common factor of b and f?
2
Let c(n) = 11*n**2 + n + 3. Let q be c(3). What is the greatest common divisor of q and 30?
15
Let a = -51 - -71. What is the greatest common divisor of a and 70?
10
Let q = 49 - 47. What is the highest common divisor of 6 and q?
2
Let b be (20/6)/2*3. Let x be (5/(-3))/(-2*(-3)/(-54)). What is the highest common divisor of x and b?
5
Suppose 14 + 11 = 5*r - 5*f, 3*r - 17 = 5*f. Let d(s) = s**3 + 9*s**2 + s + 4. Let a be d(-9). Let h = a - -7. Calculate the greatest common divisor of r and h.
2
Let i be (-3 - 58/(-4)) + (-12)/8. Let d = 1 + -23. Let w = d + 47. What is the highest common divisor of i and w?
5
Suppose -97*b = -94*b - 270. What is the highest common factor of b and 10?
10
Suppose 0 = -0*q + 3*q - 228. Calculate the highest common divisor of 19 and q.
19
Suppose 62 = 2*m + 18. What is the greatest common divisor of 33 and m?
11
Suppose -6*x = -x - 35. Let q = x + 13. Suppose -f - 102 = -2*a - 3*f, 5*a - 251 = -f. Calculate the highest common factor of q and a.
10
Let b be 4 - 3 - (-1 + -22). Calculate the highest common factor of 24 and b.
24
Let p be 0 + -4 - 23*-2. Calculate the greatest common divisor of 14 and p.
14
Let l = -13 + 5. Let y = l + 16. Calculate the highest common factor of 16 and y.
8
Let f(t) = -t**3 + 5*t**2 + 2*t + 1. Let s be f(5). Suppose s = -3*p + 182. Calculate the highest common factor of 19 and p.
19
Let y(t) = t**3 + 12*t**2 + 3*t - 8. Let n be y(-11). What is the highest common divisor of 8 and n?
8
Let s(g) = -g**3 - 14*g**2 - 24*g + 4. Let o be s(-12). Calculate the highest common divisor of 44 and o.
4
Let q = -81 - -83. Calculate the highest common factor of q and 34.
2
Let x = -1 + 3. Calculate the highest common divisor of x and 16.
2
Suppose 0 = i - 3, -4*m + m = -3*i - 45. Let n(q) = 165*q. Let a be n(1). Let k = a + -39. What is the greatest common divisor of m and k?
18
Let o(r) = -32*r**3 + 2*r**2 + 2*r + 1. Let a be o(-1). What is the highest common divisor of a and 3?
3
Let l = 5 - 2. Calculate the greatest common divisor of l and 24.
3
Suppose 0 = 3*g + 10 + 2, -2*g = -5*w + 548. Suppose -4*q + w = -5*b, -q = 3*b + 4*q + 50. Let j = -13 - b. What is the highest common factor of 77 and j?
7
Suppose -h - w - 21 = -6*h, 5*h - 19 = -w. Let s be 2*h/(-8)*-5. What is the highest common divisor of s and 20?
5
Let f(j) = -2*j**3 - 7*j**2 + 6*j - 4. Let b be f(-7). Calculate the greatest common divisor of 27 and b.
27
Let x = 31 - 11. Suppose 0 = 5*c - 39 + 14. What is the greatest common divisor of x and c?
5
Let b(u) = -u**3 + 11*u**2 - 15*u - 20. Let w be b(9). Calculate the greatest common factor of 7 and w.
7
Let j be 3 - 0 - ((-300)/10)/5. Let m(z) = -z**3 + 5*z**2 - 2*z - 2. Let v be m(4). Calculate the greatest common factor of v and j.
3
Suppose -35 = -6*g + 37. What is the greatest common divisor of 3 and g?
3
Let i(z) be the third derivative of 16*z**5/15 + z**4/24 - z**2. Let x be i(1). Let v = 95 - x. Calculate the highest common factor of v and 6.
6
Let t = -38 - -63. What is the greatest common divisor of 5 and t?
5
Let s = 7 + -2. Let q be 1/((4 + -3)/15). Calculate the greatest common factor of q and s.
5
Let k(c) = -5*c**2 + 2*c**2 + 4*c**2 - 3. Let o be k(-4). Suppose 0*w - 234 = -2*w. What is the greatest common factor of o and w?
13
Suppose 0*p - 216 = -4*p. Let q = 134 - p. What is the greatest common divisor of 32 and q?
16
Let c(s) = -4*s + 70. Let v be c(4). What is the highest common factor of 90 and v?
18
Suppose 0 = -6*c + 2*c + 2*n + 82, c - 3*n - 23 = 0. Calculate the greatest common divisor of 180 and c.
20
Let k = -49 + 65. What is the highest common divisor of 176 and k?
16
Let k(l) = -6*l - 149. Let m be k(-26). Let w(p) = -p**3 - 3*p**2 - p + 4. Let f be w(-3). Calculate the highest common factor of f and m.
7
Let l be (4 - 0) + (-2)/(-1). Let h = -1 + l. Suppose -2*d = -7*d - 5, h*k + 5*d = 30. Calculate the highest common divisor of 28 and k.
7
Let s(m) = 0*m**3 - 8*m + 0*m - m**3 - 7*m**2 - 9. Let c(t) = -t**2 - 11*t - 6. Let j be c(-11). Let d be s(j). Calculate the highest common factor of d and 9.
3
Let f = -4 + 6. Suppose 11 = 3*h + f. Let o be (-39)/(h + 0)*-1. Calculate the highest common factor of 104 and o.
13
Let w be -6*((-6)/9 + -4). What is the greatest common factor of 196 and w?
28
Let i(v) = 8*v. Let f be i(-4). Suppose 4*w + 8 = -48. Let c = w - f. What is the greatest common factor of 6 and c?
6
Let o(u) = 11*u + 13. Let i be o(3). Calculate the highest common factor of 46 and i.
46
Suppose c + 20 = 6*c. Suppose -c = -j - 1. Suppose j*i - 2*i = 30. Calculate the greatest common factor of 10 and i.
10
Let n(p) = -p + 14. Let m be n(0). Suppose -3*u = u - 28. Let v be u/((-1)/(-17 - -1)). What is the highest common divisor of v and m?
14
Let j be (6 + -3)/((-3)/243). Let u = j - -430. Calculate the greatest common divisor of 17 and u.
17
Suppose 0*i + 2*l = -i + 31, -3*l = -9. What is the greatest common factor of 125 and i?
25
Let f be 15 + (2 + 1 - 3) + 1. Calculate the highest common divisor of f and 64.
16
Let a be -90*(-5)/20*2. Calculate the highest common factor of a and 5.
5
Let y be 17 + 3 - (3 + 1). Let k(v) = -v**2 + 10*v. Let g be k(6). Calculate the greatest common factor of y and g.
8
Suppose -52 = -4*f - 0*f. Let t = 10 + -8. Let j be 39 + t/(-4)*0. What is the greatest common divisor of f and j?
13
Suppose 2*r - 102 = -5*b + 5*r, 0 = 5*r + 20. Suppose -48 = -2*y + 3*l, 4*y - 2*l = l + 84. What is the highest common divisor of b and y?
18
Let f = -1 - -3. Let a be (f + -3)*(-1)/1. Calculate the greatest common divisor of a and 1.
1
Suppose 4*k + 12 = 2*r - 0*r, -3*r - 4 = 5*k. Suppose 4*b - i + 23 = 0, 4*b - 6 + 25 = 5*i. Let d = 7 + b. Calculate the greatest common divisor of d and r.
1
Suppose 2*s + 0*s = 90. Let a be 70/4 - (-2)/4. Calculate the greatest common factor of a and s.
9
Suppose -5*k = -10 - 0. Calculate the highest common divisor of 10 and k.
2
Suppose 5*l = l + 104. Suppose -v = v - f - 61, -v + 2*f = -l. Let z be (v/6)/(4/6). What is the greatest common factor of 4 and z?
4
Suppose 0 = -x, 0*x + 24 = m - 3*x. Calculate the greatest common divisor of m and 168.
24
Let b = -7 - -33. Let n = b - 15. What is the highest common factor of n and 22?
11
Suppose 0*p = -5*a + p + 14, 4*a - 28 = 5*p. Calculate the greatest common factor of a and 22.
2
Let n = 85 + -61. Let r be 5/((-10)/(-4)) + -2. Let i be 12*3 - r/(-1). Calculate the highest common divisor of n and i.
12
Suppose -4*d = -2*a + 10, -3*d - 1 = -4*d. Calculate the greatest common divisor of 119 and a.
7
Let q(l) = l**2 + l - 8. Let w be q(5). Calculate the greatest common divisor of w and 88.
22
Suppose -3*x - 2*x - 10 = 0. Let i be (x + 0)*(-3)/3. Suppose 0 = -2*k + 2*o + 30, 0 = -2*k + 5*k - i*o - 40. Calculate the greatest common factor of k and 1.
1
Suppose 5*z = -5*c + 430, -2*c + 2*z = c - 238. Suppose 4*b - c = -2. Calculate the highest common factor of 4 and b.
4
Let y be (-1055)/(-15) - (-1)/(-3). Let n = 9 + -5. Let o be 128/9 - n/18. What is the greatest common divisor of y and o?
14
Let q(i) = 7*i**2 + 6*i + 25. Let k be q(-5). Calculate the greatest common divisor of k and 20.
10
Let z(j) = -5*j - 3. Let g be z(-3). Suppose g = 2*w - 0*w. Let a = 7 + w. What is the greatest common factor of a and 13?
13
Suppose 5 = 2*g + 3*g. Let o be 7/2 - g/(-2). Let s be (o/8)/(2/120). Calculate the greatest common divisor of 10 and s.
10
Let k(y) = -30*y**3. Let c be k(-1). Let g = c - 17. Suppose 12 + 14 = 2*r. What is the highest common divisor of r and g?
13
Let f(o) = -3*o + 1. Let v be f(-1). Suppose v*r = 2*u + 152, -r - u + 1